{"id":1396,"date":"2023-11-02T17:36:44","date_gmt":"2023-11-02T16:36:44","guid":{"rendered":"https:\/\/a-rom.be\/?page_id=1396"},"modified":"2025-06-22T17:05:15","modified_gmt":"2025-06-22T15:05:15","slug":"soin-visage-et-corps","status":"publish","type":"page","link":"https:\/\/a-rom.be\/index.php\/soin-visage-et-corps\/","title":{"rendered":"Soin visage et corps"},"content":{"rendered":"\t\t<div data-elementor-type=\"wp-page\" data-elementor-id=\"1396\" class=\"elementor elementor-1396\">\n\t\t\t\t<div class=\"elementor-element elementor-element-1e1e898 e-flex e-con-boxed jltma-glass-effect-no e-con e-parent\" data-id=\"1e1e898\" data-element_type=\"container\" data-e-type=\"container\">\n\t\t\t\t\t<div class=\"e-con-inner\">\n\t\t\t\t<div class=\"elementor-element elementor-element-96f8505 jltma-glass-effect-no elementor-widget elementor-widget-text-editor\" data-id=\"96f8505\" data-element_type=\"widget\" data-e-type=\"widget\" data-widget_type=\"text-editor.default\">\n\t\t\t\t<div class=\"elementor-widget-container\">\n\t\t\t\t\t\t\t\t\t<p>Votre bien-\u00eatre est notre priorit\u00e9, avec des tarifs con\u00e7us pour vous dorloter.<\/p>\t\t\t\t\t\t\t\t<\/div>\n\t\t\t\t<\/div>\n\t\t\t\t<div class=\"elementor-element elementor-element-f19a99c jltma-glass-effect-no elementor-widget elementor-widget-text-editor\" data-id=\"f19a99c\" data-element_type=\"widget\" data-e-type=\"widget\" data-widget_type=\"text-editor.default\">\n\t\t\t\t<div class=\"elementor-widget-container\">\n\t\t\t\t\t\t\t\t\t<p><div id=\"rpt_pricr\" class=\"rpt_plans rpt_5_plans rpt_style_basic\"><div class=\"\"><div class=\"rpt_plan  rpt_plugin_f rpt_plan_0  \"><div style=\"text-align:center;\" class=\"rpt_title rpt_title_0\">Soin complet du visage<\/div><div class=\"rpt_head rpt_head_0\"><div class=\"rpt_price rpt_price_0\">65 \u20ac<\/div><\/div><a target=\"_blank\" href=\"https:\/\/a-rom.be\/index.php\/contact\/\" style=\"background:#e8858e\" class=\"rpt_foot rpt_foot_0\">Prendre rendez-vous<\/a><\/div><div class=\"rpt_plan  rpt_plugin_f rpt_plan_1  \"><div style=\"text-align:center;\" class=\"rpt_title rpt_title_1\">Soin complet des mains<\/div><div class=\"rpt_head rpt_head_1\"><div class=\"rpt_price rpt_price_1\">40 \u20ac<\/div><\/div><a target=\"_blank\" href=\"https:\/\/a-rom.be\/index.php\/contact\/\" style=\"background:#e8858e\" class=\"rpt_foot rpt_foot_1\">Prendre rendez-vous<\/a><\/div><div class=\"rpt_plan  rpt_plugin_f rpt_plan_2  \"><div style=\"text-align:center;\" class=\"rpt_title rpt_title_2\">Soin complet des pieds<\/div><div class=\"rpt_head rpt_head_2\"><div class=\"rpt_price rpt_price_2\">65 \u20ac<\/div><\/div><a target=\"_blank\" href=\"https:\/\/a-rom.be\/index.php\/contact\/\" style=\"background:#e8858e\" class=\"rpt_foot rpt_foot_2\">Prendre rendez-vous<\/a><\/div><div class=\"rpt_plan  rpt_plugin_f rpt_plan_3  \"><div style=\"text-align:center;\" class=\"rpt_title rpt_title_3\">Soin complet des jambes<\/div><div class=\"rpt_head rpt_head_3\"><div class=\"rpt_price rpt_price_3\">60 \u20ac<\/div><\/div><a target=\"_blank\" href=\"https:\/\/a-rom.be\/index.php\/contact\/\" style=\"background:#e8858e\" class=\"rpt_foot rpt_foot_3\">Prendre rendez-vous<\/a><\/div><div class=\"rpt_plan  rpt_plugin_f rpt_plan_4  \"><div style=\"text-align:center;\" class=\"rpt_title rpt_title_4\">Soin complet du dos<\/div><div class=\"rpt_head rpt_head_4\"><div class=\"rpt_price rpt_price_4\">70 \u20ac<\/div><\/div><a target=\"_blank\" href=\"https:\/\/a-rom.be\/index.php\/contact\/\" style=\"background:#e8858e\" class=\"rpt_foot rpt_foot_4\">Prendre rendez-vous<\/a><\/div><\/div><\/div><div style=\"clear:both;\"><\/div><\/p>\t\t\t\t\t\t\t\t<\/div>\n\t\t\t\t<\/div>\n\t\t\t\t\t<\/div>\n\t\t\t\t<\/div>\n\t\t<div class=\"elementor-element elementor-element-d41bf30 e-flex e-con-boxed jltma-glass-effect-no e-con e-parent\" data-id=\"d41bf30\" data-element_type=\"container\" data-e-type=\"container\">\n\t\t\t\t\t<div class=\"e-con-inner\">\n\t\t\t\t<div class=\"elementor-element elementor-element-21c90de jltma-glass-effect-no elementor-widget elementor-widget-text-editor\" data-id=\"21c90de\" data-element_type=\"widget\" data-e-type=\"widget\" data-widget_type=\"text-editor.default\">\n\t\t\t\t<div class=\"elementor-widget-container\">\n\t\t\t\t\t\t\t\t\t<p>Envie de vous faire plaisir ? Voici nos diff\u00e9rentes offres combin\u00e9es<\/p>\t\t\t\t\t\t\t\t<\/div>\n\t\t\t\t<\/div>\n\t\t\t\t<div class=\"elementor-element elementor-element-e3992e2 jltma-glass-effect-no elementor-widget elementor-widget-text-editor\" data-id=\"e3992e2\" data-element_type=\"widget\" data-e-type=\"widget\" data-widget_type=\"text-editor.default\">\n\t\t\t\t<div class=\"elementor-widget-container\">\n\t\t\t\t\t\t\t\t\t<p><div id=\"rpt_pricr\" class=\"rpt_plans rpt_4_plans rpt_style_basic\"><div class=\"\"><div class=\"rpt_plan  rpt_plugin_f rpt_plan_0  \"><div style=\"text-align:center;\" class=\"rpt_title rpt_title_0\">Massage complet + soin visage<\/div><div class=\"rpt_head rpt_head_0\"><div class=\"rpt_price rpt_price_0\">100 \u20ac<\/div><div style=\"color:#e8858e;\" class=\"rpt_subtitle rpt_subtitle_0\">1 heure 30<\/div><\/div><a target=\"_blank\" href=\"https:\/\/a-rom.be\/index.php\/contact\/\" style=\"background:#e8858e\" class=\"rpt_foot rpt_foot_0\">Prendre rendez-vous<\/a><\/div><div class=\"rpt_plan  rpt_plugin_f rpt_plan_1  \"><div style=\"text-align:center;\" class=\"rpt_title rpt_title_1\">Massage complet + soin du dos<\/div><div class=\"rpt_head rpt_head_1\"><div class=\"rpt_price rpt_price_1\">100 \u20ac<\/div><div style=\"color:#e8858e;\" class=\"rpt_subtitle rpt_subtitle_1\">1 heure 30<\/div><\/div><a target=\"_blank\" href=\"https:\/\/a-rom.be\/index.php\/contact\/\" style=\"background:#e8858e\" class=\"rpt_foot rpt_foot_1\">Prendre rendez-vous<\/a><\/div><div class=\"rpt_plan  rpt_plugin_f rpt_plan_2  \"><div style=\"text-align:center;\" class=\"rpt_title rpt_title_2\">Soin Duo<\/div><div class=\"rpt_head rpt_head_2\"><div class=\"rpt_price rpt_price_2\">80 \u20ac<\/div><div style=\"color:#e8858e;\" class=\"rpt_subtitle rpt_subtitle_2\">Main &amp; pied<\/div><\/div><a target=\"_blank\" href=\"https:\/\/a-rom.be\/index.php\/contact\/\" style=\"background:#e8858e\" class=\"rpt_foot rpt_foot_2\">Prendre rendez-vous<\/a><\/div><div class=\"rpt_plan  rpt_plugin_f rpt_plan_3  \"><div style=\"text-align:center;\" class=\"rpt_title rpt_title_3\">Soin Duo<\/div><div class=\"rpt_head rpt_head_3\"><div class=\"rpt_price rpt_price_3\">100 \u20ac<\/div><div style=\"color:#e8858e;\" class=\"rpt_subtitle rpt_subtitle_3\">Dos &amp; visage<\/div><\/div><a target=\"_blank\" href=\"https:\/\/a-rom.be\/index.php\/contact\/\" style=\"background:#e8858e\" class=\"rpt_foot rpt_foot_3\">Prendre rendez-vous<\/a><\/div><\/div><\/div><div style=\"clear:both;\"><\/div><\/p>\t\t\t\t\t\t\t\t<\/div>\n\t\t\t\t<\/div>\n\t\t\t\t\t<\/div>\n\t\t\t\t<\/div>\n\t\t<div class=\"elementor-element elementor-element-2463f43 e-flex e-con-boxed jltma-glass-effect-no e-con e-parent\" data-id=\"2463f43\" data-element_type=\"container\" data-e-type=\"container\">\n\t\t\t\t\t<div class=\"e-con-inner\">\n\t\t\t\t<div class=\"elementor-element elementor-element-0091b60 jltma-glass-effect-no elementor-widget elementor-widget-text-editor\" data-id=\"0091b60\" data-element_type=\"widget\" data-e-type=\"widget\" data-widget_type=\"text-editor.default\">\n\t\t\t\t<div class=\"elementor-widget-container\">\n\t\t\t\t\t\t\t\t\t<p><div id=\"rpt_pricr\" class=\"rpt_plans rpt_1_plans rpt_style_basic\"><div class=\"\"><div class=\"rpt_plan  rpt_plugin_f rpt_plan_0 rpt_recommended_plan \"><div style=\"text-align:center;\" class=\"rpt_title rpt_title_0\">Pack trio soin<img decoding=\"async\" style=\"height:30px !important; width:30px !important;\" class=\"rpt_recommended\" src=\"https:\/\/a-rom.be\/wp-content\/plugins\/dk-pricr-responsive-pricing-table\/inc\/img\/rpt_recommended.png\"\/><\/div><div class=\"rpt_head rpt_head_0\"><div class=\"rpt_price rpt_price_0\">150 \u20ac<\/div><div style=\"color:#e8858e;\" class=\"rpt_subtitle rpt_subtitle_0\">Soin du visage, mains et pieds<\/div><\/div><a target=\"_blank\" href=\"https:\/\/a-rom.be\/index.php\/contact\/\" style=\"background:#e8858e\" class=\"rpt_foot rpt_foot_0\">Prendre rendez-vous<\/a><\/div><\/div><\/div><div style=\"clear:both;\"><\/div><\/p>\t\t\t\t\t\t\t\t<\/div>\n\t\t\t\t<\/div>\n\t\t\t\t\t<\/div>\n\t\t\t\t<\/div>\n\t\t<div class=\"elementor-element elementor-element-aaa082f e-flex e-con-boxed jltma-glass-effect-no e-con e-parent\" data-id=\"aaa082f\" data-element_type=\"container\" data-e-type=\"container\">\n\t\t\t\t\t<div class=\"e-con-inner\">\n\t\t\t\t<div class=\"elementor-element elementor-element-21d4c9a jltma-glass-effect-no elementor-widget elementor-widget-text-editor\" data-id=\"21d4c9a\" data-element_type=\"widget\" data-e-type=\"widget\" data-widget_type=\"text-editor.default\">\n\t\t\t\t<div class=\"elementor-widget-container\">\n\t\t\t\t\t\t\t\t\t<p>Envie de partager ce moment de d\u00e9tente \u00e0 2 ?<\/p>\t\t\t\t\t\t\t\t<\/div>\n\t\t\t\t<\/div>\n\t\t\t\t\t<\/div>\n\t\t\t\t<\/div>\n\t\t<div class=\"elementor-element elementor-element-c4eab68 e-flex e-con-boxed jltma-glass-effect-no e-con e-parent\" data-id=\"c4eab68\" data-element_type=\"container\" data-e-type=\"container\">\n\t\t\t\t\t<div class=\"e-con-inner\">\n\t\t\t\t<div class=\"elementor-element elementor-element-e3bbef9 jltma-glass-effect-no elementor-widget elementor-widget-text-editor\" data-id=\"e3bbef9\" data-element_type=\"widget\" data-e-type=\"widget\" data-widget_type=\"text-editor.default\">\n\t\t\t\t<div class=\"elementor-widget-container\">\n\t\t\t\t\t\t\t\t\t<p><div id=\"rpt_pricr\" class=\"rpt_plans rpt_1_plans rpt_style_basic\"><div class=\"\"><div class=\"rpt_plan  rpt_plugin_f rpt_plan_0  \"><div style=\"text-align:center;\" class=\"rpt_title rpt_title_0\">Moment m\u00e8re\/fille<\/div><div class=\"rpt_head rpt_head_0\"><div class=\"rpt_price rpt_price_0\">130 \u20ac<\/div><div style=\"color:#e8858e;\" class=\"rpt_subtitle rpt_subtitle_0\">Massage du dos 30min et soin visage<\/div><\/div><a target=\"_blank\" href=\"https:\/\/a-rom.be\/index.php\/contact\/\" style=\"background:#e8858e\" class=\"rpt_foot rpt_foot_0\">Prendre rendez-vous<\/a><\/div><\/div><\/div><div style=\"clear:both;\"><\/div><\/p>\t\t\t\t\t\t\t\t<\/div>\n\t\t\t\t<\/div>\n\t\t\t\t\t<\/div>\n\t\t\t\t<\/div>\n\t\t<div class=\"elementor-element elementor-element-d9fd83a e-flex e-con-boxed jltma-glass-effect-no e-con e-parent\" data-id=\"d9fd83a\" data-element_type=\"container\" data-e-type=\"container\">\n\t\t\t\t\t<div class=\"e-con-inner\">\n\t\t<div class=\"elementor-element elementor-element-a06722c e-con-full e-flex jltma-glass-effect-no e-con e-child\" data-id=\"a06722c\" data-element_type=\"container\" data-e-type=\"container\">\n\t\t\t\t<div class=\"elementor-element elementor-element-757692c jltma-glass-effect-no elementor-widget elementor-widget-image\" data-id=\"757692c\" data-element_type=\"widget\" data-e-type=\"widget\" data-widget_type=\"image.default\">\n\t\t\t\t<div class=\"elementor-widget-container\">\n\t\t\t\t\t\t\t\t\t\t\t\t\t\t\t<img fetchpriority=\"high\" decoding=\"async\" width=\"1024\" height=\"683\" src=\"https:\/\/a-rom.be\/wp-content\/uploads\/2023\/11\/DSC0019-1024x683.jpg\" class=\"attachment-large size-large wp-image-1644\" alt=\"\" srcset=\"https:\/\/a-rom.be\/wp-content\/uploads\/2023\/11\/DSC0019-1024x683.jpg 1024w, https:\/\/a-rom.be\/wp-content\/uploads\/2023\/11\/DSC0019-300x200.jpg 300w, https:\/\/a-rom.be\/wp-content\/uploads\/2023\/11\/DSC0019-768x512.jpg 768w, https:\/\/a-rom.be\/wp-content\/uploads\/2023\/11\/DSC0019-1536x1024.jpg 1536w, https:\/\/a-rom.be\/wp-content\/uploads\/2023\/11\/DSC0019-2048x1365.jpg 2048w\" sizes=\"(max-width: 1024px) 100vw, 1024px\" \/>\t\t\t\t\t\t\t\t\t\t\t\t\t\t\t<\/div>\n\t\t\t\t<\/div>\n\t\t\t\t<\/div>\n\t\t<div class=\"elementor-element elementor-element-f1c9b7b e-con-full e-flex jltma-glass-effect-no e-con e-child\" data-id=\"f1c9b7b\" data-element_type=\"container\" data-e-type=\"container\">\n\t\t\t\t<div class=\"elementor-element elementor-element-758b931 jltma-glass-effect-no elementor-widget elementor-widget-image\" data-id=\"758b931\" data-element_type=\"widget\" data-e-type=\"widget\" data-widget_type=\"image.default\">\n\t\t\t\t<div class=\"elementor-widget-container\">\n\t\t\t\t\t\t\t\t\t\t\t\t\t\t\t<img decoding=\"async\" width=\"1024\" height=\"683\" src=\"https:\/\/a-rom.be\/wp-content\/uploads\/2023\/11\/DSC0093-1024x683.jpg\" class=\"attachment-large size-large wp-image-1641\" alt=\"\" srcset=\"https:\/\/a-rom.be\/wp-content\/uploads\/2023\/11\/DSC0093-1024x683.jpg 1024w, https:\/\/a-rom.be\/wp-content\/uploads\/2023\/11\/DSC0093-300x200.jpg 300w, https:\/\/a-rom.be\/wp-content\/uploads\/2023\/11\/DSC0093-768x512.jpg 768w, https:\/\/a-rom.be\/wp-content\/uploads\/2023\/11\/DSC0093-1536x1024.jpg 1536w, https:\/\/a-rom.be\/wp-content\/uploads\/2023\/11\/DSC0093-2048x1365.jpg 2048w\" sizes=\"(max-width: 1024px) 100vw, 1024px\" \/>\t\t\t\t\t\t\t\t\t\t\t\t\t\t\t<\/div>\n\t\t\t\t<\/div>\n\t\t\t\t<\/div>\n\t\t<div class=\"elementor-element elementor-element-58c150a e-con-full e-flex jltma-glass-effect-no e-con e-child\" data-id=\"58c150a\" data-element_type=\"container\" data-e-type=\"container\">\n\t\t\t\t<div class=\"elementor-element elementor-element-5ccd166 jltma-glass-effect-no elementor-widget elementor-widget-image\" data-id=\"5ccd166\" data-element_type=\"widget\" data-e-type=\"widget\" data-widget_type=\"image.default\">\n\t\t\t\t<div class=\"elementor-widget-container\">\n\t\t\t\t\t\t\t\t\t\t\t\t\t\t\t<img decoding=\"async\" width=\"1024\" height=\"683\" src=\"https:\/\/a-rom.be\/wp-content\/uploads\/2023\/11\/DSC0081-1024x683.jpg\" class=\"attachment-large size-large wp-image-1639\" alt=\"\" srcset=\"https:\/\/a-rom.be\/wp-content\/uploads\/2023\/11\/DSC0081-1024x683.jpg 1024w, https:\/\/a-rom.be\/wp-content\/uploads\/2023\/11\/DSC0081-300x200.jpg 300w, https:\/\/a-rom.be\/wp-content\/uploads\/2023\/11\/DSC0081-768x512.jpg 768w, https:\/\/a-rom.be\/wp-content\/uploads\/2023\/11\/DSC0081-1536x1024.jpg 1536w, https:\/\/a-rom.be\/wp-content\/uploads\/2023\/11\/DSC0081-2048x1365.jpg 2048w\" sizes=\"(max-width: 1024px) 100vw, 1024px\" \/>\t\t\t\t\t\t\t\t\t\t\t\t\t\t\t<\/div>\n\t\t\t\t<\/div>\n\t\t\t\t<\/div>\n\t\t<div class=\"elementor-element elementor-element-40f7ddd e-con-full e-flex jltma-glass-effect-no e-con e-child\" data-id=\"40f7ddd\" data-element_type=\"container\" data-e-type=\"container\">\n\t\t\t\t<div class=\"elementor-element elementor-element-c5bf796 jltma-glass-effect-no elementor-widget elementor-widget-image\" data-id=\"c5bf796\" data-element_type=\"widget\" data-e-type=\"widget\" data-widget_type=\"image.default\">\n\t\t\t\t<div class=\"elementor-widget-container\">\n\t\t\t\t\t\t\t\t\t\t\t\t\t\t\t<img loading=\"lazy\" decoding=\"async\" width=\"683\" height=\"1024\" src=\"https:\/\/a-rom.be\/wp-content\/uploads\/2023\/11\/DSC0001-683x1024.jpg\" class=\"attachment-large size-large wp-image-1642\" alt=\"\" srcset=\"https:\/\/a-rom.be\/wp-content\/uploads\/2023\/11\/DSC0001-683x1024.jpg 683w, https:\/\/a-rom.be\/wp-content\/uploads\/2023\/11\/DSC0001-200x300.jpg 200w, https:\/\/a-rom.be\/wp-content\/uploads\/2023\/11\/DSC0001-768x1152.jpg 768w, https:\/\/a-rom.be\/wp-content\/uploads\/2023\/11\/DSC0001-1024x1536.jpg 1024w, https:\/\/a-rom.be\/wp-content\/uploads\/2023\/11\/DSC0001-1365x2048.jpg 1365w, https:\/\/a-rom.be\/wp-content\/uploads\/2023\/11\/DSC0001-scaled.jpg 1707w\" sizes=\"(max-width: 683px) 100vw, 683px\" \/>\t\t\t\t\t\t\t\t\t\t\t\t\t\t\t<\/div>\n\t\t\t\t<\/div>\n\t\t\t\t<\/div>\n\t\t<div class=\"elementor-element elementor-element-41e710b e-con-full e-flex jltma-glass-effect-no e-con e-child\" data-id=\"41e710b\" data-element_type=\"container\" data-e-type=\"container\">\n\t\t\t\t<div class=\"elementor-element elementor-element-df4c414 jltma-glass-effect-no elementor-widget elementor-widget-image\" data-id=\"df4c414\" data-element_type=\"widget\" data-e-type=\"widget\" data-widget_type=\"image.default\">\n\t\t\t\t<div class=\"elementor-widget-container\">\n\t\t\t\t\t\t\t\t\t\t\t\t\t\t\t<img loading=\"lazy\" decoding=\"async\" width=\"1024\" height=\"683\" src=\"https:\/\/a-rom.be\/wp-content\/uploads\/2023\/11\/DSC0067-1024x683.jpg\" class=\"attachment-large size-large wp-image-1638\" alt=\"\" srcset=\"https:\/\/a-rom.be\/wp-content\/uploads\/2023\/11\/DSC0067-1024x683.jpg 1024w, https:\/\/a-rom.be\/wp-content\/uploads\/2023\/11\/DSC0067-300x200.jpg 300w, https:\/\/a-rom.be\/wp-content\/uploads\/2023\/11\/DSC0067-768x512.jpg 768w, https:\/\/a-rom.be\/wp-content\/uploads\/2023\/11\/DSC0067-1536x1024.jpg 1536w, https:\/\/a-rom.be\/wp-content\/uploads\/2023\/11\/DSC0067-2048x1365.jpg 2048w\" sizes=\"(max-width: 1024px) 100vw, 1024px\" \/>\t\t\t\t\t\t\t\t\t\t\t\t\t\t\t<\/div>\n\t\t\t\t<\/div>\n\t\t\t\t<div class=\"elementor-element elementor-element-e63b2c1 jltma-glass-effect-no elementor-widget elementor-widget-image\" data-id=\"e63b2c1\" data-element_type=\"widget\" data-e-type=\"widget\" data-widget_type=\"image.default\">\n\t\t\t\t<div class=\"elementor-widget-container\">\n\t\t\t\t\t\t\t\t\t\t\t\t\t\t\t<img loading=\"lazy\" decoding=\"async\" width=\"1024\" height=\"683\" src=\"https:\/\/a-rom.be\/wp-content\/uploads\/2023\/11\/DSC0059-1-1024x683.jpg\" class=\"attachment-large size-large wp-image-1646\" alt=\"\" srcset=\"https:\/\/a-rom.be\/wp-content\/uploads\/2023\/11\/DSC0059-1-1024x683.jpg 1024w, https:\/\/a-rom.be\/wp-content\/uploads\/2023\/11\/DSC0059-1-300x200.jpg 300w, https:\/\/a-rom.be\/wp-content\/uploads\/2023\/11\/DSC0059-1-768x512.jpg 768w, https:\/\/a-rom.be\/wp-content\/uploads\/2023\/11\/DSC0059-1-1536x1024.jpg 1536w, https:\/\/a-rom.be\/wp-content\/uploads\/2023\/11\/DSC0059-1-2048x1365.jpg 2048w\" sizes=\"(max-width: 1024px) 100vw, 1024px\" \/>\t\t\t\t\t\t\t\t\t\t\t\t\t\t\t<\/div>\n\t\t\t\t<\/div>\n\t\t\t\t<\/div>\n\t\t<div class=\"elementor-element elementor-element-3285ee6 e-con-full e-flex jltma-glass-effect-no e-con e-child\" data-id=\"3285ee6\" data-element_type=\"container\" data-e-type=\"container\">\n\t\t\t\t<div class=\"elementor-element elementor-element-e3737be jltma-glass-effect-no elementor-widget elementor-widget-image\" data-id=\"e3737be\" data-element_type=\"widget\" data-e-type=\"widget\" data-widget_type=\"image.default\">\n\t\t\t\t<div class=\"elementor-widget-container\">\n\t\t\t\t\t\t\t\t\t\t\t\t\t\t\t<img loading=\"lazy\" decoding=\"async\" width=\"683\" height=\"1024\" src=\"https:\/\/a-rom.be\/wp-content\/uploads\/2023\/11\/DSC0009-683x1024.jpg\" class=\"attachment-large size-large wp-image-1643\" alt=\"\" srcset=\"https:\/\/a-rom.be\/wp-content\/uploads\/2023\/11\/DSC0009-683x1024.jpg 683w, https:\/\/a-rom.be\/wp-content\/uploads\/2023\/11\/DSC0009-200x300.jpg 200w, https:\/\/a-rom.be\/wp-content\/uploads\/2023\/11\/DSC0009-768x1152.jpg 768w, https:\/\/a-rom.be\/wp-content\/uploads\/2023\/11\/DSC0009-1024x1536.jpg 1024w, https:\/\/a-rom.be\/wp-content\/uploads\/2023\/11\/DSC0009-1365x2048.jpg 1365w, https:\/\/a-rom.be\/wp-content\/uploads\/2023\/11\/DSC0009-scaled.jpg 1707w\" sizes=\"(max-width: 683px) 100vw, 683px\" \/>\t\t\t\t\t\t\t\t\t\t\t\t\t\t\t<\/div>\n\t\t\t\t<\/div>\n\t\t\t\t<\/div>\n\t\t\t\t\t<\/div>\n\t\t\t\t<\/div>\n\t\t\t\t<\/div>\n\t\t","protected":false},"excerpt":{"rendered":"<p>Votre bien-\u00eatre est notre priorit\u00e9, avec des tarifs con\u00e7us pour vous dorloter. Envie de vous faire plaisir ? Voici nos diff\u00e9rentes offres combin\u00e9es Envie de partager ce moment de d\u00e9tente \u00e0 2 ?<\/p>\n","protected":false},"author":1,"featured_media":0,"parent":0,"menu_order":0,"comment_status":"closed","ping_status":"closed","template":"","meta":{"_eb_attr":"","ocean_post_layout":"","ocean_both_sidebars_style":"","ocean_both_sidebars_content_width":0,"ocean_both_sidebars_sidebars_width":0,"ocean_sidebar":"","ocean_second_sidebar":"","ocean_disable_margins":"enable","ocean_add_body_class":"","ocean_shortcode_before_top_bar":"","ocean_shortcode_after_top_bar":"","ocean_shortcode_before_header":"","ocean_shortcode_after_header":"","ocean_has_shortcode":"","ocean_shortcode_after_title":"","ocean_shortcode_before_footer_widgets":"","ocean_shortcode_after_footer_widgets":"","ocean_shortcode_before_footer_bottom":"","ocean_shortcode_after_footer_bottom":"","ocean_display_top_bar":"default","ocean_display_header":"default","ocean_header_style":"","ocean_center_header_left_menu":"","ocean_custom_header_template":"","ocean_custom_logo":0,"ocean_custom_retina_logo":0,"ocean_custom_logo_max_width":0,"ocean_custom_logo_tablet_max_width":0,"ocean_custom_logo_mobile_max_width":0,"ocean_custom_logo_max_height":0,"ocean_custom_logo_tablet_max_height":0,"ocean_custom_logo_mobile_max_height":0,"ocean_header_custom_menu":"","ocean_menu_typo_font_family":"","ocean_menu_typo_font_subset":"","ocean_menu_typo_font_size":0,"ocean_menu_typo_font_size_tablet":0,"ocean_menu_typo_font_size_mobile":0,"ocean_menu_typo_font_size_unit":"px","ocean_menu_typo_font_weight":"","ocean_menu_typo_font_weight_tablet":"","ocean_menu_typo_font_weight_mobile":"","ocean_menu_typo_transform":"","ocean_menu_typo_transform_tablet":"","ocean_menu_typo_transform_mobile":"","ocean_menu_typo_line_height":0,"ocean_menu_typo_line_height_tablet":0,"ocean_menu_typo_line_height_mobile":0,"ocean_menu_typo_line_height_unit":"","ocean_menu_typo_spacing":0,"ocean_menu_typo_spacing_tablet":0,"ocean_menu_typo_spacing_mobile":0,"ocean_menu_typo_spacing_unit":"","ocean_menu_link_color":"","ocean_menu_link_color_hover":"","ocean_menu_link_color_active":"","ocean_menu_link_background":"","ocean_menu_link_hover_background":"","ocean_menu_link_active_background":"","ocean_menu_social_links_bg":"","ocean_menu_social_hover_links_bg":"","ocean_menu_social_links_color":"","ocean_menu_social_hover_links_color":"","ocean_disable_title":"default","ocean_disable_heading":"default","ocean_post_title":"","ocean_post_subheading":"","ocean_post_title_style":"","ocean_post_title_background_color":"","ocean_post_title_background":0,"ocean_post_title_bg_image_position":"","ocean_post_title_bg_image_attachment":"","ocean_post_title_bg_image_repeat":"","ocean_post_title_bg_image_size":"","ocean_post_title_height":0,"ocean_post_title_bg_overlay":0.5,"ocean_post_title_bg_overlay_color":"","ocean_disable_breadcrumbs":"default","ocean_breadcrumbs_color":"","ocean_breadcrumbs_separator_color":"","ocean_breadcrumbs_links_color":"","ocean_breadcrumbs_links_hover_color":"","ocean_display_footer_widgets":"default","ocean_display_footer_bottom":"default","ocean_custom_footer_template":"","footnotes":""},"class_list":["post-1396","page","type-page","status-publish","hentry","entry"],"_links":{"self":[{"href":"https:\/\/a-rom.be\/index.php\/wp-json\/wp\/v2\/pages\/1396","targetHints":{"allow":["GET"]}}],"collection":[{"href":"https:\/\/a-rom.be\/index.php\/wp-json\/wp\/v2\/pages"}],"about":[{"href":"https:\/\/a-rom.be\/index.php\/wp-json\/wp\/v2\/types\/page"}],"author":[{"embeddable":true,"href":"https:\/\/a-rom.be\/index.php\/wp-json\/wp\/v2\/users\/1"}],"replies":[{"embeddable":true,"href":"https:\/\/a-rom.be\/index.php\/wp-json\/wp\/v2\/comments?post=1396"}],"version-history":[{"count":55,"href":"https:\/\/a-rom.be\/index.php\/wp-json\/wp\/v2\/pages\/1396\/revisions"}],"predecessor-version":[{"id":1933,"href":"https:\/\/a-rom.be\/index.php\/wp-json\/wp\/v2\/pages\/1396\/revisions\/1933"}],"wp:attachment":[{"href":"https:\/\/a-rom.be\/index.php\/wp-json\/wp\/v2\/media?parent=1396"}],"curies":[{"name":"wp","href":"https:\/\/api.w.org\/{rel}","templated":true}]}}